 175?
25
Let h = -6255 - -6318. Calculate the greatest common factor of 1098 and h.
9
Suppose -66*l = -35*l - 186. Suppose -5*d = 3*i - 2151, 2*i - 4*i - l = 0. What is the greatest common factor of d and 16?
16
Let c be 2/(-10) + (-28)/35. Let t be (90/40)/(6/(-8) - c). Let u(d) = -d**3 - d**2 + 3*d + 3. Let y be u(-2). Calculate the highest common factor of t and y.
1
Suppose -58 = -4*j + 93 + 61. What is the highest common divisor of 1961 and j?
53
Suppose 217 = -3*s + 52. Suppose 2*h - 4*t - 152 = 0, -2*h + 5*t + 96 + 59 = 0. Let w = h + s. What is the highest common factor of w and 120?
15
Let l(h) = h**2 - 2*h - 13. Let k be l(9). Suppose 2400 = k*j - 35*j. Calculate the highest common factor of j and 32.
32
Suppose 0*a = 3*a + 5*t - 13, a + t = 3. Let z be 1/(-3)*-87 - a. Calculate the greatest common divisor of 7 and z.
7
Let x be 5472/21 - 11 - 81/(-189). Suppose -4*h = -72 - 8. Calculate the greatest common factor of h and x.
10
Let h(c) = -56*c + 1073. Let m be h(19). Calculate the highest common factor of m and 2466.
9
Let j(w) = 31*w - 2793. Let l be j(93). What is the greatest common divisor of 2016 and l?
18
Let t = 9367 - 8576. Calculate the highest common divisor of t and 1469.
113
Suppose -k = k - 518. Let r(v) be the third derivative of v**4/3 + 47*v**3/2 + 94*v**2. Let o be r(-13). Calculate the highest common divisor of o and k.
37
Let s(t) = -t**2 + 23*t + 5. Let k be s(23). Suppose -k*z = -49 - 26. Suppose z*b - 910 = b. Calculate the highest common factor of b and 5.
5
Let u = -3103 - -3121. Let n be (-2)/(-4)*(-3 - -21). Let j = 3 + n. Calculate the greatest common factor of j and u.
6
Let a = -14 + 28. Let z(s) = 8*s + 64. Let w be z(-13). Let h = 194 + w. Calculate the highest common factor of h and a.
14
Let d be 6/(-4)*2 - (-3 - 1512). Let t be 4/22 - (d/(-33) - -2). Suppose -24 = 2*p - t. What is the highest common factor of p and 80?
10
Let f be (-53)/1 + 26 - -119. Let x = -20 + 89. What is the greatest common divisor of x and f?
23
Let z = 80 + 36. Suppose 0 = -d + 2*b + 104, -4*b + 5*b = -d + z. Calculate the highest common factor of d and 28.
28
Suppose 0 = -2*a + 5*t - 20, 3*a - 5 - 3 = -2*t. Suppose 0*j - 7*j + 28 = a. Let u be -1 - (j - 25) - 0. Calculate the greatest common factor of u and 10.
10
Let p be ((-14575)/(-110))/(25/60). What is the greatest common factor of 2438 and p?
106
Let t = -18400 + 18688. What is the highest common factor of t and 4104?
72
Let q(u) = 76*u - 7. Let z(y) = 151*y - 15. Let o(i) = -13*q(i) + 6*z(i). Let x be o(-4). What is the greatest common factor of x and 47?
47
Let p be 18684/15 - -3 - (-3)/(-5). Suppose 10*a + p = -2*a. Let j = -88 - a. Calculate the highest common divisor of j and 40.
8
Suppose 0 = -6*g + 9*g - 672. Let y(i) = -8*i**2 - 45*i - 26. Let h be y(-2). What is the highest common factor of h and g?
32
Let q(t) = 2*t**3 - 147*t**2 - 53*t + 154. Let o be q(74). Calculate the greatest common divisor of 12 and o.
4
Let x(m) = 2*m**3 - 32*m**2 + 42*m - 136. Let k be x(15). Let s be (-55)/2*(-88)/10. Calculate the greatest common divisor of s and k.
22
Let a be 7/(18/((-30456)/(-18))). Calculate the greatest common factor of 1598 and a.
94
Suppose 2*r + 68 = -2*r. Let z(m) = -m**3 - 16*m**2 + 9*m - 39. Let n be z(r). Suppose 2*k - n + 11 = 0. What is the highest common factor of 387 and k?
43
Let v(f) be the third derivative of -5*f**4/8 - 18*f**3 - 13*f**2 + f. Let s be v(-9). Calculate the highest common divisor of 27 and s.
27
Let o(a) = 4*a. Let t be o(6). Let u = t - -24. Suppose 0*w + 5*w = -2*r + 28, -2*r = -2*w + 14. Calculate the greatest common factor of u and w.
6
Let x(m) = -m**3 + 31*m**2 - 28*m - 1072. Let j be x(28). Calculate the highest common factor of j and 10168.
248
Suppose 0 = -m - 15*m + 128. Suppose 198 = 2*l + 5*c - 121, 4*l - 3*c - 599 = 0. Calculate the highest common divisor of m and l.
8
Let v = -3937 - -3955. Calculate the greatest common factor of v and 912.
6
Suppose -871 = -y + 3*c, y - 20*c - 871 = -19*c. Calculate the greatest common factor of y and 67.
67
Let g = -479 + 481. Let p be 6/(-12) - (-37)/g. Suppose 5*y - 293 = 3*y - c, -4*y - 3*c = -591. Calculate the highest common divisor of p and y.
18
Let w(m) = 10*m**2 - 125*m - 1285. Let x be w(-9). What is the highest common factor of 175 and x?
25
Let l(c) = 19 + 5*c - c + 8. Suppose -3*p = 3*k + 15, -2*k - 3*p = 5 + 6. Let x be l(k). What is the greatest common factor of x and 1?
1
Let i(z) = -z**3 + 11*z**2 + 7*z - 35. Let o be i(11). Let l = -24 + o. Calculate the greatest common divisor of l and 2.
2
Suppose 15*u + 98 = 293. Calculate the highest common factor of u and 832.
13
Suppose 6*r + 5*r + 385 = 0. Let m = 42 + r. Suppose 2*j + 4 = 5*z - m, -z + 13 = 5*j. Calculate the greatest common divisor of z and 6.
3
Let s = 70 - 14. Let f be ((-58)/(-8) - -1) + (-30)/24. Calculate the greatest common factor of f and s.
7
Suppose -3*d + 56 = -3*h - 124, -5*d + 342 = 2*h. What is the greatest common factor of d and 1342?
22
Let a = 3921 + -2755. Suppose a = -s + 3*s. Let l(j) = -53*j. Let v be l(-1). What is the highest common divisor of v and s?
53
Let f be (4*2)/(-9*(-26)/31473). Suppose 7*r - 8*r + f = 5*i, -2*i + 2136 = 2*r. What is the greatest common factor of r and 82?
82
Let m(t) = t**3 - 58*t**2 + 178*t + 67. Let g be m(55). Calculate the greatest common factor of g and 170.
34
Suppose 2490 = 8*z + 7*z. Let a = z - 15. Suppose -a = -4*f - 7. What is the highest common divisor of f and 36?
36
Let z(r) = -r**3 - 14*r**2 + 4*r + 19. Let v be z(-16). Let n = v - 382. Calculate the greatest common divisor of n and 1445.
85
Suppose 12*m = -153 + 621. What is the highest common divisor of m and 2613?
39
Suppose -238*u + 1665 = -6427. What is the greatest common divisor of u and 1207?
17
Let z be (-5 + (4 - 0))*-2. Let h be 2*z - 27/(-9). Suppose -5*y - 2*m = -h, -4*m = 3*y - 3*m - 5. What is the highest common factor of 3 and y?
3
Suppose 2*u - 304 = 3272. What is the greatest common divisor of 108 and u?
12
Let a be -14 + (-7 - -15) - (-391 - (-2)/(-1)). Calculate the highest common factor of a and 86.
43
Let r = 7404 + -7118. What is the greatest common divisor of 52 and r?
26
Let w = 384 - 332. Suppose w = p + 38. Calculate the highest common divisor of p and 56.
14
Let g(h) = -254*h - 165. Let b be g(-3). Let q = b - 564. What is the greatest common factor of 121 and q?
11
Let f = 2 + 19. Let s = 34 - f. Suppose 98 = 4*m - m + 4*j, 0 = 3*m + 3*j - 93. What is the highest common divisor of m and s?
13
Suppose k + 30 = 92*g - 87*g, -3*g + 18 = -3*k. What is the highest common factor of 1542 and g?
6
Suppose 0 = 37*i - 31*i + 1470. Let q = i + 287. What is the greatest common factor of q and 546?
42
Let j(v) = -v**3 + 8*v**2 - 6*v - 4. Let o be j(6). Let y be 82/(-164)*-5*4/2. Suppose -12*c + 1120 = -y*c. What is the greatest common divisor of o and c?
32
Suppose 40*w - 10 = 35*w. Suppose -7*m + w*b + 218 = -3*m, 3*m + 4*b = 169. What is the greatest common divisor of m and 495?
55
Let f = 171 - 121. Let b be 12/(-24)*8/(-2). Suppose -2*c = b*d - 10, -c + 35 = 5*d + 2*c. What is the greatest common factor of f and d?
10
Suppose -a - 52 + 2 = 5*o, -o + 200 = -4*a. Let f be (2 - 576)*(a/(-20))/(-5). What is the highest common factor of 41 and f?
41
Suppose 9*w = 505 - 1. Let l be 5034/24 - w/32. Calculate the highest common factor of 48 and l.
16
Suppose -o + y = -10, -y + 20 = -9*o + 13*o. Calculate the highest common divisor of o and 1620.
6
Let c(q) = -2*q**2 - 43*q + 19. Let s be c(-21). What is the greatest common divisor of 24 and s?
8
Suppose -35*z = -40*z - 4*v + 3666, 5*z = -5*v + 3660. Calculate the highest common factor of 126 and z.
18
Let o = 503 + -496. Suppose -6*y + 109 = o. Calculate the greatest common divisor of y and 85.
17
Let i = -93 - -97. Suppose -5*z - 50 = -i*l - 306, 0 = -4*l + 4. Let m(c) = -3*c - 10. Let b be m(-6). What is the highest common factor of b and z?
4
Suppose -29*c + 128*c = -55*c + 30184. Calculate the highest common divisor of 63 and c.
7
Suppose -y = 4*y - 720. Suppose -9*a - a + 230 = 0. Let v = a + -7. What is the highest common divisor of v and y?
16
Suppose h - 2942 = 3*o, 3490 = -5*h - o + 18248. Calculate the greatest co